multiple of 270?
True
Is 8 a factor of 23505872?
True
Is 21187269 a multiple of 76?
False
Is 294 a factor of 5656854?
True
Is 148 a factor of 362315444?
False
Is 186573402 a multiple of 153?
True
Is 3824955 a multiple of 135?
True
Is 534 a factor of 1354649197?
False
Does 188 divide 72572341?
False
Is 21 a factor of 21138759?
False
Is 54483691 a multiple of 187?
False
Is 10073922 a multiple of 681?
False
Is 71662549 a multiple of 30?
False
Is 211689077 a multiple of 46?
False
Does 13 divide 154904421?
False
Is 49070630 a multiple of 14?
True
Is 114093971 a multiple of 18?
False
Does 28 divide 403558?
False
Is 2276120656 a multiple of 10?
False
Does 145 divide 63962496?
False
Is 1632466495 a multiple of 226?
False
Is 7 a factor of 579064906?
True
Does 78 divide 85820670?
True
Is 70323802 a multiple of 214?
False
Is 356 a factor of 365551316?
False
Does 265 divide 78084219?
False
Is 2691 a factor of 51475973?
False
Is 39864142 a multiple of 67?
False
Does 21 divide 264944505?
True
Is 103446583 even?
False
Is 18 a factor of 2065237149?
False
Is 174219558 a multiple of 113?
True
Does 809 divide 824050636?
True
Is 4540895 a multiple of 1085?
False
Is 254737838 a multiple of 82?
True
Is 179 a factor of 18644323?
False
Is 28668963 a multiple of 714?
False
Is 7406 a factor of 1562791902?
True
Is 1063755684 a multiple of 12?
True
Does 8 divide 6668430?
False
Is 20 a factor of 58481085?
False
Is 156440251 a multiple of 127?
True
Is 658371931 a multiple of 254?
False
Is 351 a factor of 22986551?
False
Is 382907616 a multiple of 96?
True
Is 147914019 a multiple of 3156?
False
Does 27 divide 933047460?
False
Does 7 divide 2012283?
True
Is 286 a factor of 204221160?
True
Does 315 divide 10283755?
False
Is 59716060 a multiple of 5?
True
Is 190022 a multiple of 17?
False
Is 609110092 a multiple of 3?
False
Is 52 a factor of 155783034?
False
Does 192 divide 288861992?
False
Is 9318907 a multiple of 17?
True
Is 126941892 a multiple of 1089?
False
Does 198 divide 73882595?
False
Is 10117427 a multiple of 263?
False
Is 204095652 a multiple of 69?
True
Is 2312 a factor of 1352254120?
True
Is 4472 a factor of 210528344?
True
Is 122 a factor of 3353170?
True
Does 57 divide 3715971286?
False
Does 59 divide 271014612?
True
Is 2161 a factor of 5470999378?
True
Is 1100 a factor of 55708225?
False
Is 3800434925 a multiple of 71?
False
Is 304050 a multiple of 147?
False
Is 189 a factor of 43273511?
False
Is 33 a factor of 1568138?
False
Does 439 divide 776785020?
False
Is 274410149 a multiple of 1551?
False
Is 173163370 a multiple of 2982?
False
Does 187 divide 463693802?
True
Does 12 divide 7056144?
True
Is 36153713 a multiple of 10?
False
Does 279 divide 278928855?
True
Does 6 divide 326566403?
False
Does 1527 divide 62527596?
True
Does 37 divide 45174225?
True
Is 21 a factor of 103008219?
False
Is 997 a factor of 4393689?
False
Is 5811 a factor of 697988265?
True
Is 255475928 a multiple of 398?
False
Does 10 divide 406972300?
True
Is 782 a factor of 17301750?
True
Does 843 divide 59448360?
True
Is 9 a factor of 352672796?
False
Is 193796230 a multiple of 10?
True
Is 7 a factor of 1760999?
False
Is 68161625 a multiple of 175?
True
Is 132 a factor of 46962868?
False
Does 14 divide 644569730?
True
Is 28046588 a multiple of 25?
False
Does 3 divide 464269726?
False
Is 871157131 a multiple of 1886?
False
Does 27 divide 1164510760?
False
Is 1820 a factor of 51070509?
False
Is 643 a factor of 654311656?
True
Does 54 divide 111286058?
False
Is 11 a factor of 1540368478?
True
Is 128 a factor of 1391311360?
True
Is 675 a factor of 28429902?
False
Is 555119679 a multiple of 6?
False
Is 15120007 a multiple of 14?
False
Does 1327 divide 574007533?
False
Is 10 a factor of 30651280?
True
Is 1394066830 a multiple of 377?
True
Does 8 divide 16851741?
False
Does 57 divide 286789314?
False
Is 1166 a factor of 4587044?
True
Does 146 divide 196104718?
True
Is 3609056 a multiple of 15?
False
Is 2755155520 a multiple of 1040?
True
Is 23622200 a multiple of 8?
True
Is 227852242 a multiple of 1267?
False
Is 41 a factor of 431038658?
True
Does 48 divide 1044825853?
False
Does 464 divide 68590336?
True
Is 41268605 a multiple of 1374?
False
Does 67 divide 17967202?
False
Does 1555 divide 3988575?
True
Is 11 a factor of 1060737702?
False
Is 74 a factor of 17847271?
False
Does 650 divide 3565987437?
False
Is 782712849 a multiple of 180?
False
Is 140791400 a multiple of 16?
False
Is 98 a factor of 40910394?
True
Is 196264810 a multiple of 38?
False
Does 168 divide 1306356408?
True
Is 1902750 a multiple of 25?
True
Is 550 a factor of 61794403?
False
Does 327 divide 8539605?
True
Does 6 divide 2917460?
False
Is 22 a factor of 1429671840?
False
Is 20 a factor of 1590652416?
False
Is 25 a factor of 17769076?
False
Does 19 divide 41747777?
False
Is 332345057 a multiple of 6?
False
Is 566 a factor of 994356168?
False
Does 1073 divide 222795619?
False
Is 843 a factor of 152917877?
False
Is 115641288 a multiple of 18?
True
Does 9 divide 182907738?
True
Is 26154401 a multiple of 7?
True
Does 58 divide 58176957?
False
Does 95 divide 6071137925?
True
Does 2988 divide 345881916?
True
Is 17 a factor of 23561864?
True
Is 2380 a factor of 2230060?
True
Is 566 a factor of 302692838?
True
Is 115170440 a multiple of 385?
True
Is 60899860 a multiple of 12?
False
Does 22 divide 32292919?
False
Does 1107 divide 8818362?
True
Is 201753094 a multiple of 5?
False
Is 6276271 a multiple of 18?
False
Is 34 a factor of 111429900?
True
Is 215 a factor of 76945920?
True
Is 217555952 a multiple of 16?
True
Is 71928901 a multiple of 93?
False
Does 7 divide 399274?
False
Is 5002300 even?
True
Is 36 a factor of 175343619?
False
Is 594 a factor of 32560110?
True
Does 8 divide 31929095?
False
Does 251 divide 195999096?
False
Does 1335 divide 87443541?
False
Is 281259960 a multiple of 30?
True
Is 487711224 a multiple of 2222?
True
Is 1268138943 a multiple of 436?
False
Does 709 divide 95975912?
True
Is 1361 a factor of 2953367278?
True
Is 870 a factor of 63336870?
True
Is 192394818 a multiple of 38?
False
Is 958986 a multiple of 301?
True
Is 70 a factor of 31903480?
True
Is 114208751 a multiple of 1946?
False
Is 1414288 a multiple of 11?
False
Is 294223734 a multiple of 4263?
True
Does 20 divide 6839803120?
True
Is 131770758 a multiple of 42?
True
Does 13 divide 107384985?
False
Is 5443144 a multiple of 71?
True
Is 5 a factor of 829178?
False
Does 4813 divide 26692898?
True
Does 6 divide 2419692?
True
Does 2628 divide 3430798945?
False
Is 381997659 a multiple of 159?
True
Does 141 divide 19134067?
False
Is 20360349 a multiple of 27?
True
Does 225 divide 26696250?
True
Does 9 divide 1244476?
False
Is 107 a factor of 9450314900?
True
Is 2234 a factor of 932322511?
False
Is 122843516 a multiple of 30?
False
Does 90 divide 4077465030?
True
Is 87 a factor of 1149527270?
False
Is 105438465 a multiple of 2221?
False
Does 46 divide 1181122772?
True
Is 97737534 a multiple of 414?
True
Is 755419704 a multiple of 687?
True
Is 126049100 a multiple of 1550?
True
Does 1657 divide 593954860?
False
Is 18008805 a multiple of 174?
False
Is 10005 a factor of 3012268190?
False
Is 3231965876 a multiple of 136?
False
Does 7 divide 938081548?
False
Is 1961 a factor of 91819046?
False
Does 40 divide 39210582?
False
Is 13 a factor of 2268353388?
False
Does 53 divide 88062362?
True
Is 319 a factor of 1779701?
True
Is 16611200 a multiple of 20?
True
Is 17 a factor of 66528227?
False
Is 429094664 a multiple of 211?
True
Is 8 a factor of 313823576?
True
Is 2122 a factor of 62804448?
False
Does 1244 divide 306024?
True
Is 70 a factor of 845279324?
False
Is 2455 a factor of 172574917?
False
Is 926 a factor of 787957476?
True
Does 11 divide 4431216?
False
Is 35293056 a multiple of 24?
True
Is 261 a factor of 45013104?
True
Does 342 divide 1707067422?
False
Is 72736686 a multiple of 66?
True
Does 46 divide 44080558?
True
Is 20 a factor of 261203138?
False
Is 38 a factor of 68410982?
True
Does 727 divide 554543820?
False
Is 1165 a factor of 998994400?
False
Does 411 divide 90567549?
True
Is 3555 a factor of 1299799?
False
Is 149975008 a multiple of 66?
False
Is 583344254 a multiple of 443?
False
Is 180080472 a multiple of 1532?
True
Is 351481702 a multiple of 19?
F